{"id":156,"date":"2021-09-13T17:27:19","date_gmt":"2021-09-13T20:27:19","guid":{"rendered":"https:\/\/moovelub.com\/mobildelvac\/blog\/?page_id=156"},"modified":"2021-10-25T16:03:04","modified_gmt":"2021-10-25T19:03:04","slug":"movimentando-negocios","status":"publish","type":"page","link":"https:\/\/moovelub.com\/mobildelvac\/blog\/movimentando-negocios\/","title":{"rendered":"Movimentando neg\u00f3cios"},"content":{"rendered":"\r\n<p> Compartilhamos com voc\u00ea uma s\u00e9rie de materiais relevantes sobre as principais tend\u00eancias que movimentam o seu neg\u00f3cio: sustentabilidade, tecnologia, inova\u00e7\u00e3o, pessoas.\r\nS\u00e3o\u00a0lives, e-books, infogr\u00e1ficos e outros conte\u00fados desenvolvidos em parceria com especialistas de diversos setores especialmente para voc\u00ea. <\/p>\r\n","protected":false},"excerpt":{"rendered":"<p>Compartilhamos com voc\u00ea uma s\u00e9rie de materiais relevantes sobre as principais tend\u00eancias que movimentam o seu neg\u00f3cio: sustentabilidade, tecnologia, inova\u00e7\u00e3o, pessoas. S\u00e3o\u00a0lives, e-books, infogr\u00e1ficos e outros conte\u00fados desenvolvidos em parceria com especialistas de diversos setores especialmente para voc\u00ea.<\/p>\n","protected":false},"author":1,"featured_media":0,"parent":0,"menu_order":0,"comment_status":"closed","ping_status":"closed","template":"","meta":{"advgb_blocks_editor_width":"","advgb_blocks_columns_visual_guide":""},"acf":[],"yoast_head":"<!-- This site is optimized with the Yoast SEO plugin v19.13 - https:\/\/yoast.com\/wordpress\/plugins\/seo\/ -->\n<title>Movimentando neg\u00f3cios &gt; Mobil Blog<\/title>\n<meta name=\"robots\" content=\"index, follow, max-snippet:-1, max-image-preview:large, max-video-preview:-1\" \/>\n<link rel=\"canonical\" href=\"https:\/\/moovelub.com\/mobildelvac\/blog\/movimentando-negocios\/\" \/>\n<meta property=\"og:locale\" content=\"pt_BR\" \/>\n<meta property=\"og:type\" content=\"article\" \/>\n<meta property=\"og:title\" content=\"Movimentando neg\u00f3cios &gt; Mobil Blog\" \/>\n<meta property=\"og:description\" content=\"Compartilhamos com voc\u00ea uma s\u00e9rie de materiais relevantes sobre as principais tend\u00eancias que movimentam o seu neg\u00f3cio: sustentabilidade, tecnologia, inova\u00e7\u00e3o, pessoas. S\u00e3o\u00a0lives, e-books, infogr\u00e1ficos e outros conte\u00fados desenvolvidos em parceria com especialistas de diversos setores especialmente para voc\u00ea.\" \/>\n<meta property=\"og:url\" content=\"https:\/\/moovelub.com\/mobildelvac\/blog\/movimentando-negocios\/\" \/>\n<meta property=\"og:site_name\" content=\"Mobil Blog\" \/>\n<meta property=\"article:modified_time\" content=\"2021-10-25T19:03:04+00:00\" \/>\n<meta name=\"twitter:card\" content=\"summary_large_image\" \/>\n<meta name=\"twitter:label1\" content=\"Est. tempo de leitura\" \/>\n\t<meta name=\"twitter:data1\" content=\"1 minuto\" \/>\n<script type=\"application\/ld+json\" class=\"yoast-schema-graph\">{\"@context\":\"https:\/\/schema.org\",\"@graph\":[{\"@type\":\"WebPage\",\"@id\":\"https:\/\/moovelub.com\/mobildelvac\/blog\/movimentando-negocios\/\",\"url\":\"https:\/\/moovelub.com\/mobildelvac\/blog\/movimentando-negocios\/\",\"name\":\"Movimentando neg\u00f3cios &gt; Mobil Blog\",\"isPartOf\":{\"@id\":\"https:\/\/moovelub.com\/mobildelvac\/blog\/#website\"},\"datePublished\":\"2021-09-13T20:27:19+00:00\",\"dateModified\":\"2021-10-25T19:03:04+00:00\",\"breadcrumb\":{\"@id\":\"https:\/\/moovelub.com\/mobildelvac\/blog\/movimentando-negocios\/#breadcrumb\"},\"inLanguage\":\"pt-BR\",\"potentialAction\":[{\"@type\":\"ReadAction\",\"target\":[\"https:\/\/moovelub.com\/mobildelvac\/blog\/movimentando-negocios\/\"]}]},{\"@type\":\"BreadcrumbList\",\"@id\":\"https:\/\/moovelub.com\/mobildelvac\/blog\/movimentando-negocios\/#breadcrumb\",\"itemListElement\":[{\"@type\":\"ListItem\",\"position\":1,\"name\":\"Home\",\"item\":\"https:\/\/moovelub.com\/mobildelvac\/blog\/\"},{\"@type\":\"ListItem\",\"position\":2,\"name\":\"Movimentando neg\u00f3cios\"}]},{\"@type\":\"WebSite\",\"@id\":\"https:\/\/moovelub.com\/mobildelvac\/blog\/#website\",\"url\":\"https:\/\/moovelub.com\/mobildelvac\/blog\/\",\"name\":\"Mobil Blog\",\"description\":\"| Frotas\",\"potentialAction\":[{\"@type\":\"SearchAction\",\"target\":{\"@type\":\"EntryPoint\",\"urlTemplate\":\"https:\/\/moovelub.com\/mobildelvac\/blog\/?s={search_term_string}\"},\"query-input\":\"required name=search_term_string\"}],\"inLanguage\":\"pt-BR\"}]}<\/script>\n<!-- \/ Yoast SEO plugin. -->","yoast_head_json":{"title":"Movimentando neg\u00f3cios &gt; Mobil Blog","robots":{"index":"index","follow":"follow","max-snippet":"max-snippet:-1","max-image-preview":"max-image-preview:large","max-video-preview":"max-video-preview:-1"},"canonical":"https:\/\/moovelub.com\/mobildelvac\/blog\/movimentando-negocios\/","og_locale":"pt_BR","og_type":"article","og_title":"Movimentando neg\u00f3cios &gt; Mobil Blog","og_description":"Compartilhamos com voc\u00ea uma s\u00e9rie de materiais relevantes sobre as principais tend\u00eancias que movimentam o seu neg\u00f3cio: sustentabilidade, tecnologia, inova\u00e7\u00e3o, pessoas. S\u00e3o\u00a0lives, e-books, infogr\u00e1ficos e outros conte\u00fados desenvolvidos em parceria com especialistas de diversos setores especialmente para voc\u00ea.","og_url":"https:\/\/moovelub.com\/mobildelvac\/blog\/movimentando-negocios\/","og_site_name":"Mobil Blog","article_modified_time":"2021-10-25T19:03:04+00:00","twitter_card":"summary_large_image","twitter_misc":{"Est. tempo de leitura":"1 minuto"},"schema":{"@context":"https:\/\/schema.org","@graph":[{"@type":"WebPage","@id":"https:\/\/moovelub.com\/mobildelvac\/blog\/movimentando-negocios\/","url":"https:\/\/moovelub.com\/mobildelvac\/blog\/movimentando-negocios\/","name":"Movimentando neg\u00f3cios &gt; Mobil Blog","isPartOf":{"@id":"https:\/\/moovelub.com\/mobildelvac\/blog\/#website"},"datePublished":"2021-09-13T20:27:19+00:00","dateModified":"2021-10-25T19:03:04+00:00","breadcrumb":{"@id":"https:\/\/moovelub.com\/mobildelvac\/blog\/movimentando-negocios\/#breadcrumb"},"inLanguage":"pt-BR","potentialAction":[{"@type":"ReadAction","target":["https:\/\/moovelub.com\/mobildelvac\/blog\/movimentando-negocios\/"]}]},{"@type":"BreadcrumbList","@id":"https:\/\/moovelub.com\/mobildelvac\/blog\/movimentando-negocios\/#breadcrumb","itemListElement":[{"@type":"ListItem","position":1,"name":"Home","item":"https:\/\/moovelub.com\/mobildelvac\/blog\/"},{"@type":"ListItem","position":2,"name":"Movimentando neg\u00f3cios"}]},{"@type":"WebSite","@id":"https:\/\/moovelub.com\/mobildelvac\/blog\/#website","url":"https:\/\/moovelub.com\/mobildelvac\/blog\/","name":"Mobil Blog","description":"| Frotas","potentialAction":[{"@type":"SearchAction","target":{"@type":"EntryPoint","urlTemplate":"https:\/\/moovelub.com\/mobildelvac\/blog\/?s={search_term_string}"},"query-input":"required name=search_term_string"}],"inLanguage":"pt-BR"}]}},"coauthors":[],"author_meta":{"author_link":"https:\/\/moovelub.com\/mobildelvac\/blog\/author\/mobil\/","display_name":"mobil"},"relative_dates":{"created":"Posted 5 anos ago","modified":"Updated 4 anos ago"},"absolute_dates":{"created":"Posted on 13\/09\/2021","modified":"Updated on 25\/10\/2021"},"absolute_dates_time":{"created":"Posted on 13\/09\/2021 17:27","modified":"Updated on 25\/10\/2021 16:03"},"featured_img_caption":"","featured_img":false,"series_order":"","_links":{"self":[{"href":"https:\/\/moovelub.com\/mobildelvac\/blog\/wp-json\/wp\/v2\/pages\/156"}],"collection":[{"href":"https:\/\/moovelub.com\/mobildelvac\/blog\/wp-json\/wp\/v2\/pages"}],"about":[{"href":"https:\/\/moovelub.com\/mobildelvac\/blog\/wp-json\/wp\/v2\/types\/page"}],"author":[{"embeddable":true,"href":"https:\/\/moovelub.com\/mobildelvac\/blog\/wp-json\/wp\/v2\/users\/1"}],"replies":[{"embeddable":true,"href":"https:\/\/moovelub.com\/mobildelvac\/blog\/wp-json\/wp\/v2\/comments?post=156"}],"version-history":[{"count":2,"href":"https:\/\/moovelub.com\/mobildelvac\/blog\/wp-json\/wp\/v2\/pages\/156\/revisions"}],"predecessor-version":[{"id":378,"href":"https:\/\/moovelub.com\/mobildelvac\/blog\/wp-json\/wp\/v2\/pages\/156\/revisions\/378"}],"wp:attachment":[{"href":"https:\/\/moovelub.com\/mobildelvac\/blog\/wp-json\/wp\/v2\/media?parent=156"}],"curies":[{"name":"wp","href":"https:\/\/api.w.org\/{rel}","templated":true}]}}